{"id":27,"date":"2014-02-26T18:37:41","date_gmt":"2014-02-26T16:37:41","guid":{"rendered":"http:\/\/homepage.autoconnect24.de\/?page_id=27"},"modified":"2026-01-24T18:58:40","modified_gmt":"2026-01-24T16:58:40","slug":"startseite","status":"publish","type":"page","link":"https:\/\/autoconnect24.de\/jahreswagen-gebrauchtwagen-neuwagen-tageszulassungen-leasingruecklaeufer-bamberg\/","title":{"rendered":"Gebrauchtwagen, Jahreswagen &#038; Neuwagen in Bamberg"},"content":{"rendered":"<p><em>Unser Angebot: Gebrauchte Autos im Topzustand, Jahreswagen &amp; Neuwagen mit Tageszulassung<\/em><\/p>\n<p><span style=\"font-size: 14px;\"><strong>Liebe Besucher,<\/strong><\/span><\/p>\n<p>ich freue mich Sie hier auf der Homepage Autoconnect24 e.K. in Bamberg begr\u00fc\u00dfen zu d\u00fcrfen.<\/p>\n<p>In unserem Autohandel finden Sie gepflegte Jahreswagen, Gebrauchtwagen, Jungwagen, Leasingr\u00fcckl\u00e4ufer &amp; Neuwagen mit Tageszulassung zu erstklassigen 1A Konditionen.<\/p>\n<p>Jedes hier angebotene Fahrzeug wird beim Fahrzeugeingang gepr\u00fcft und geht dann in die technische, sowie professionelle optische KFZ-Aufbereitung. Wir sind kein herstellergebundenes Autohaus. Als freier Autohandel f\u00fchren wir grunds\u00e4tzlich alle Marken, bspw. Alfa Romeo, BMW, Mercedes, Opel, aber auch Kia und Ford. Unter <a href=\"https:\/\/autoconnect24.de\/jahreswagen-gebrauchtwagen-neuwagen-tageszulassungen-leasingruecklaeufer-bamberg\/fahrzeugangebote\/\">Fahrzeugangebote<\/a> finden Sie unsere aktuellen g\u00fcnstigen Angebote.<\/p>\n<p>Unsere Fahrzeuge bis zu einem Alter von 24 Monaten unterliegen i.d.R. der Herstellergarantie, welche Sie durch eine Neuwagenanschlussgarantie erg\u00e4nzen k\u00f6nnen. Sie erhalten bei uns auf alle Fahrzeuge selbstverst\u00e4ndlich 12 Monate gesetzliche Gew\u00e4hrleistung, welche Sie zus\u00e4tzlich noch durch eine Gebrauchtwagengarantie von bis zu 10 Jahre \/ 250.000 KM erg\u00e4nzen k\u00f6nnen.<\/p>\n<p>Kompetenz und hochqualifizierte Beratung zeichnen unseren Automobilvertrieb in Bamberg aus. Bei uns z\u00e4hlt die Kundenzufriedenheit als oberste Priorit\u00e4t.<\/p>\n<p>Gerne beraten wir Sie pers\u00f6nlich zu Ihren Fragen rund um die Themen Autokauf und Mobilit\u00e4t. Wir sind Ihnen stets ein zuverl\u00e4ssiger Partner \u2013 ganz gleich ob Sie einen \u201eneuen Gebrauchtwagen\u201c kaufen wollen oder eine unserer zahlreichen Serviceleistungen in Anspruch nehmen m\u00f6chten. Schauen Sie doch mal rein.<\/p>\n<p>Auf den folgenden Seiten finden Sie eine Auswahl an aktuellen Angeboten, unsere Serviceleistungen sowie viele weitere interessante Informationen aus der Automobilwelt. Wir sind mehr als nur ein Gebrauchtwagenhandel: \u00dcberzeugen Sie sich am besten selbst von unseren Leistungen und unseren g\u00fcnstigen Gebraucht- und Jahreswagen! Wir freuen uns auf Ihren Besuch in unserem Autovertrieb in Bamberg.<\/p>\n<div class=\"BorlabsCookie _brlbs-cb-googlemaps\"><div class=\"_brlbs-content-blocker\"> <div class=\"_brlbs-embed _brlbs-google-maps\"> <img class=\"_brlbs-thumbnail\" src=\"https:\/\/autoconnect24.de\/wp-content\/plugins\/borlabs-cookie\/assets\/images\/cb-maps.png\" alt=\"Google Maps\"> <div class=\"_brlbs-caption\"> <p>Mit dem Laden der Karte akzeptieren Sie die Datenschutzerkl\u00e4rung von Google.<br><a href=\"https:\/\/policies.google.com\/privacy\" target=\"_blank\" rel=\"nofollow noopener noreferrer\">Mehr erfahren<\/a><\/p> <p><a class=\"_brlbs-btn\" href=\"#\" data-borlabs-cookie-unblock role=\"button\">Karte laden<\/a><\/p> <p><label><input type=\"checkbox\" name=\"unblockAll\" value=\"1\" checked> <small>Google Maps immer entsperren<\/small><\/label><\/p> <\/div> <\/div> <\/div><div class=\"borlabs-hide\" data-borlabs-cookie-type=\"content-blocker\" data-borlabs-cookie-id=\"googlemaps\"><script type=\"text\/template\">PHA+PGlmcmFtZSBsb2FkaW5nPSJsYXp5IiBzdHlsZT0iYm9yZGVyOiAwOyIgc3JjPSJodHRwczovL3d3dy5nb29nbGUuY29tL21hcHMvZW1iZWQ\/cGI9ITFtMTghMW0xMiExbTMhMWQxMDI3Ni4zNjU3MDIyOTM3NTkhMmQxMC44OTg4NDE3MTI2NDE2ODMhM2Q0OS45MTU4NTg4OTY4MTc0NSEybTMhMWYwITJmMCEzZjAhM20yITFpMTAyNCEyaTc2OCE0ZjEzLjEhM20zITFtMiExczB4MCUzQTB4ZmIxMTc3YjliNTZjZmVmYSEyc0F1dG9jb25uZWN0MjQlMjBlLksuITVlMCEzbTIhMXNkZSEyc2RlITR2MTYyOTI3NjE1NDgwMyE1bTIhMXNkZSEyc2RlIiB3aWR0aD0iNjAwIiBoZWlnaHQ9IjQ1MCIgYWxsb3dmdWxsc2NyZWVuPSJhbGxvd2Z1bGxzY3JlZW4iPjwvaWZyYW1lPjwvcD4=<\/script><\/div><\/div>\n<div>\n<p><a title=\"\" href=\"https:\/\/autoconnect24.de\/jahreswagen-gebrauchtwagen-neuwagen-tageszulassungen-leasingruecklaeufer-bamberg\/\" target=\"\" rel=\"noopener noreferrer\"><img decoding=\"async\" loading=\"lazy\" class=\"size-full wp-image-41 alignright\" title=\"Autoconnect24 e.K. Bamberg, Service, G\u00fcnstige Jahreswagen Bamberg, gebrauchtwagen bamberg, jungwagen bamberg, Finanzierung, Inzahlungnahme, Startseite\" src=\"https:\/\/autoconnect24.de\/wp-content\/uploads\/2014\/02\/ACN24BVfKLogo.jpg\" alt=\"Autoconnect24 e.K. Bamberg, Service, G\u00fcnstige Jahreswagen Bamberg, gebrauchtwagen bamberg, jungwagen bamberg, Finanzierung, Inzahlungnahme, Startseite\" width=\"176\" height=\"39\" srcset=\"https:\/\/autoconnect24.de\/wp-content\/uploads\/2014\/02\/ACN24BVfKLogo.jpg 757w, https:\/\/autoconnect24.de\/wp-content\/uploads\/2014\/02\/ACN24BVfKLogo-300x66.jpg 300w, https:\/\/autoconnect24.de\/wp-content\/uploads\/2014\/02\/ACN24BVfKLogo-624x138.jpg 624w\" sizes=\"(max-width: 176px) 85vw, 176px\" \/><\/a><\/p>\n<div><\/div>\n<div><u>Copyright<\/u><\/div>\n<div style=\"color: white; font-size: 0.8em;\"><span style=\"color: #000000;\">Copyright \u00a9 2026 Autoconnect24 e.K. in Bamberg<\/span><\/div>\n<div style=\"color: white; font-size: 0.8em;\"><span style=\"color: #000000;\">All rights reserved.<\/span><\/div>\n<p style=\"color: white; font-size: 0.8em;\"><span style=\"color: #000000;\">\u00a0<\/span><\/p>\n<\/div>\n","protected":false},"excerpt":{"rendered":"<p>Unser Angebot: Gebrauchte Autos im Topzustand, Jahreswagen &amp; Neuwagen mit Tageszulassung Liebe Besucher, ich freue mich Sie hier auf der Homepage Autoconnect24 e.K. in Bamberg begr\u00fc\u00dfen zu d\u00fcrfen. In unserem Autohandel finden Sie gepflegte Jahreswagen, Gebrauchtwagen, Jungwagen, Leasingr\u00fcckl\u00e4ufer &amp; Neuwagen mit Tageszulassung zu erstklassigen 1A Konditionen. Jedes hier angebotene Fahrzeug wird beim Fahrzeugeingang gepr\u00fcft und &hellip; <a href=\"https:\/\/autoconnect24.de\/jahreswagen-gebrauchtwagen-neuwagen-tageszulassungen-leasingruecklaeufer-bamberg\/\" class=\"more-link\"><span class=\"screen-reader-text\">\u201eGebrauchtwagen, Jahreswagen &#038; Neuwagen in Bamberg\u201c<\/span> weiterlesen<\/a><\/p>\n","protected":false},"author":1,"featured_media":0,"parent":0,"menu_order":0,"comment_status":"closed","ping_status":"closed","template":"","meta":[],"yoast_head":"<!-- This site is optimized with the Yoast SEO plugin v20.9 - https:\/\/yoast.com\/wordpress\/plugins\/seo\/ -->\n<title>Jahreswagen, Gebrauchtwagen, Neuwagen in Bamberg<\/title>\n<meta name=\"description\" content=\"Gebrauchtwagen, Jahreswagen, Neuwagen mit Tageszulassung &amp; Leasingr\u00fcckl\u00e4ufer versch. Fabrikate zu 1A g\u00fcnstigen Konditionen, by Autoconnect24 e.K. in Bamberg\" \/>\n<meta name=\"robots\" content=\"index, follow, max-snippet:-1, max-image-preview:large, max-video-preview:-1\" \/>\n<link rel=\"canonical\" href=\"https:\/\/autoconnect24.de\/jahreswagen-gebrauchtwagen-neuwagen-tageszulassungen-leasingruecklaeufer-bamberg\/\" \/>\n<meta property=\"og:locale\" content=\"de_DE\" \/>\n<meta property=\"og:type\" content=\"article\" \/>\n<meta property=\"og:title\" content=\"Jahreswagen, Gebrauchtwagen, Neuwagen in Bamberg\" \/>\n<meta property=\"og:description\" content=\"Gebrauchtwagen, Jahreswagen, Neuwagen mit Tageszulassung &amp; Leasingr\u00fcckl\u00e4ufer versch. Fabrikate zu 1A g\u00fcnstigen Konditionen, by Autoconnect24 e.K. in Bamberg\" \/>\n<meta property=\"og:url\" content=\"https:\/\/autoconnect24.de\/jahreswagen-gebrauchtwagen-neuwagen-tageszulassungen-leasingruecklaeufer-bamberg\/\" \/>\n<meta property=\"og:site_name\" content=\"Autoconnect24 e.K. Die besseren Gebrauchtwagen\" \/>\n<meta property=\"article:publisher\" content=\"https:\/\/de-de.facebook.com\/bamberg.autoconnect24\/\" \/>\n<meta property=\"article:modified_time\" content=\"2026-01-24T16:58:40+00:00\" \/>\n<meta property=\"og:image\" content=\"https:\/\/autoconnect24.de\/wp-content\/uploads\/2014\/02\/ACN24BVfKLogo.jpg\" \/>\n<meta name=\"twitter:label1\" content=\"Gesch\u00e4tzte Lesezeit\" \/>\n\t<meta name=\"twitter:data1\" content=\"2\u00a0Minuten\" \/>\n<script type=\"application\/ld+json\" class=\"yoast-schema-graph\">{\"@context\":\"https:\/\/schema.org\",\"@graph\":[{\"@type\":\"WebPage\",\"@id\":\"https:\/\/autoconnect24.de\/jahreswagen-gebrauchtwagen-neuwagen-tageszulassungen-leasingruecklaeufer-bamberg\/\",\"url\":\"https:\/\/autoconnect24.de\/jahreswagen-gebrauchtwagen-neuwagen-tageszulassungen-leasingruecklaeufer-bamberg\/\",\"name\":\"Jahreswagen, Gebrauchtwagen, Neuwagen in Bamberg\",\"isPartOf\":{\"@id\":\"https:\/\/autoconnect24.de\/jahreswagen-gebrauchtwagen-neuwagen-tageszulassungen-leasingruecklaeufer-bamberg\/#website\"},\"datePublished\":\"2014-02-26T16:37:41+00:00\",\"dateModified\":\"2026-01-24T16:58:40+00:00\",\"description\":\"Gebrauchtwagen, Jahreswagen, Neuwagen mit Tageszulassung & Leasingr\u00fcckl\u00e4ufer versch. Fabrikate zu 1A g\u00fcnstigen Konditionen, by Autoconnect24 e.K. in Bamberg\",\"inLanguage\":\"de\",\"potentialAction\":[{\"@type\":\"ReadAction\",\"target\":[\"https:\/\/autoconnect24.de\/jahreswagen-gebrauchtwagen-neuwagen-tageszulassungen-leasingruecklaeufer-bamberg\/\"]}]},{\"@type\":\"WebSite\",\"@id\":\"https:\/\/autoconnect24.de\/jahreswagen-gebrauchtwagen-neuwagen-tageszulassungen-leasingruecklaeufer-bamberg\/#website\",\"url\":\"https:\/\/autoconnect24.de\/jahreswagen-gebrauchtwagen-neuwagen-tageszulassungen-leasingruecklaeufer-bamberg\/\",\"name\":\"Autoconnect24 e.K. Die besseren Gebrauchtwagen\",\"description\":\"Gepflegte Jahreswagen, Jungwagen, Gebrauchtwagen &amp; Neuwagen mit Tageszulassung zu erstklassigen 1A Konditionen in Bamberg\",\"publisher\":{\"@id\":\"https:\/\/autoconnect24.de\/jahreswagen-gebrauchtwagen-neuwagen-tageszulassungen-leasingruecklaeufer-bamberg\/#organization\"},\"potentialAction\":[{\"@type\":\"SearchAction\",\"target\":{\"@type\":\"EntryPoint\",\"urlTemplate\":\"https:\/\/autoconnect24.de\/jahreswagen-gebrauchtwagen-neuwagen-tageszulassungen-leasingruecklaeufer-bamberg\/?s={search_term_string}\"},\"query-input\":\"required name=search_term_string\"}],\"inLanguage\":\"de\"},{\"@type\":\"Organization\",\"@id\":\"https:\/\/autoconnect24.de\/jahreswagen-gebrauchtwagen-neuwagen-tageszulassungen-leasingruecklaeufer-bamberg\/#organization\",\"name\":\"Autoconnect24 e.K.\",\"url\":\"https:\/\/autoconnect24.de\/jahreswagen-gebrauchtwagen-neuwagen-tageszulassungen-leasingruecklaeufer-bamberg\/\",\"logo\":{\"@type\":\"ImageObject\",\"inLanguage\":\"de\",\"@id\":\"https:\/\/autoconnect24.de\/jahreswagen-gebrauchtwagen-neuwagen-tageszulassungen-leasingruecklaeufer-bamberg\/#\/schema\/logo\/image\/\",\"url\":\"https:\/\/autoconnect24.de\/wp-content\/uploads\/2014\/02\/ACN24BVfKLogo.jpg\",\"contentUrl\":\"https:\/\/autoconnect24.de\/wp-content\/uploads\/2014\/02\/ACN24BVfKLogo.jpg\",\"width\":757,\"height\":168,\"caption\":\"Autoconnect24 e.K.\"},\"image\":{\"@id\":\"https:\/\/autoconnect24.de\/jahreswagen-gebrauchtwagen-neuwagen-tageszulassungen-leasingruecklaeufer-bamberg\/#\/schema\/logo\/image\/\"},\"sameAs\":[\"https:\/\/de-de.facebook.com\/bamberg.autoconnect24\/\"]}]}<\/script>\n<!-- \/ Yoast SEO plugin. -->","yoast_head_json":{"title":"Jahreswagen, Gebrauchtwagen, Neuwagen in Bamberg","description":"Gebrauchtwagen, Jahreswagen, Neuwagen mit Tageszulassung & Leasingr\u00fcckl\u00e4ufer versch. Fabrikate zu 1A g\u00fcnstigen Konditionen, by Autoconnect24 e.K. in Bamberg","robots":{"index":"index","follow":"follow","max-snippet":"max-snippet:-1","max-image-preview":"max-image-preview:large","max-video-preview":"max-video-preview:-1"},"canonical":"https:\/\/autoconnect24.de\/jahreswagen-gebrauchtwagen-neuwagen-tageszulassungen-leasingruecklaeufer-bamberg\/","og_locale":"de_DE","og_type":"article","og_title":"Jahreswagen, Gebrauchtwagen, Neuwagen in Bamberg","og_description":"Gebrauchtwagen, Jahreswagen, Neuwagen mit Tageszulassung & Leasingr\u00fcckl\u00e4ufer versch. Fabrikate zu 1A g\u00fcnstigen Konditionen, by Autoconnect24 e.K. in Bamberg","og_url":"https:\/\/autoconnect24.de\/jahreswagen-gebrauchtwagen-neuwagen-tageszulassungen-leasingruecklaeufer-bamberg\/","og_site_name":"Autoconnect24 e.K. Die besseren Gebrauchtwagen","article_publisher":"https:\/\/de-de.facebook.com\/bamberg.autoconnect24\/","article_modified_time":"2026-01-24T16:58:40+00:00","og_image":[{"url":"https:\/\/autoconnect24.de\/wp-content\/uploads\/2014\/02\/ACN24BVfKLogo.jpg"}],"twitter_misc":{"Gesch\u00e4tzte Lesezeit":"2\u00a0Minuten"},"schema":{"@context":"https:\/\/schema.org","@graph":[{"@type":"WebPage","@id":"https:\/\/autoconnect24.de\/jahreswagen-gebrauchtwagen-neuwagen-tageszulassungen-leasingruecklaeufer-bamberg\/","url":"https:\/\/autoconnect24.de\/jahreswagen-gebrauchtwagen-neuwagen-tageszulassungen-leasingruecklaeufer-bamberg\/","name":"Jahreswagen, Gebrauchtwagen, Neuwagen in Bamberg","isPartOf":{"@id":"https:\/\/autoconnect24.de\/jahreswagen-gebrauchtwagen-neuwagen-tageszulassungen-leasingruecklaeufer-bamberg\/#website"},"datePublished":"2014-02-26T16:37:41+00:00","dateModified":"2026-01-24T16:58:40+00:00","description":"Gebrauchtwagen, Jahreswagen, Neuwagen mit Tageszulassung & Leasingr\u00fcckl\u00e4ufer versch. Fabrikate zu 1A g\u00fcnstigen Konditionen, by Autoconnect24 e.K. in Bamberg","inLanguage":"de","potentialAction":[{"@type":"ReadAction","target":["https:\/\/autoconnect24.de\/jahreswagen-gebrauchtwagen-neuwagen-tageszulassungen-leasingruecklaeufer-bamberg\/"]}]},{"@type":"WebSite","@id":"https:\/\/autoconnect24.de\/jahreswagen-gebrauchtwagen-neuwagen-tageszulassungen-leasingruecklaeufer-bamberg\/#website","url":"https:\/\/autoconnect24.de\/jahreswagen-gebrauchtwagen-neuwagen-tageszulassungen-leasingruecklaeufer-bamberg\/","name":"Autoconnect24 e.K. Die besseren Gebrauchtwagen","description":"Gepflegte Jahreswagen, Jungwagen, Gebrauchtwagen &amp; Neuwagen mit Tageszulassung zu erstklassigen 1A Konditionen in Bamberg","publisher":{"@id":"https:\/\/autoconnect24.de\/jahreswagen-gebrauchtwagen-neuwagen-tageszulassungen-leasingruecklaeufer-bamberg\/#organization"},"potentialAction":[{"@type":"SearchAction","target":{"@type":"EntryPoint","urlTemplate":"https:\/\/autoconnect24.de\/jahreswagen-gebrauchtwagen-neuwagen-tageszulassungen-leasingruecklaeufer-bamberg\/?s={search_term_string}"},"query-input":"required name=search_term_string"}],"inLanguage":"de"},{"@type":"Organization","@id":"https:\/\/autoconnect24.de\/jahreswagen-gebrauchtwagen-neuwagen-tageszulassungen-leasingruecklaeufer-bamberg\/#organization","name":"Autoconnect24 e.K.","url":"https:\/\/autoconnect24.de\/jahreswagen-gebrauchtwagen-neuwagen-tageszulassungen-leasingruecklaeufer-bamberg\/","logo":{"@type":"ImageObject","inLanguage":"de","@id":"https:\/\/autoconnect24.de\/jahreswagen-gebrauchtwagen-neuwagen-tageszulassungen-leasingruecklaeufer-bamberg\/#\/schema\/logo\/image\/","url":"https:\/\/autoconnect24.de\/wp-content\/uploads\/2014\/02\/ACN24BVfKLogo.jpg","contentUrl":"https:\/\/autoconnect24.de\/wp-content\/uploads\/2014\/02\/ACN24BVfKLogo.jpg","width":757,"height":168,"caption":"Autoconnect24 e.K."},"image":{"@id":"https:\/\/autoconnect24.de\/jahreswagen-gebrauchtwagen-neuwagen-tageszulassungen-leasingruecklaeufer-bamberg\/#\/schema\/logo\/image\/"},"sameAs":["https:\/\/de-de.facebook.com\/bamberg.autoconnect24\/"]}]}},"_links":{"self":[{"href":"https:\/\/autoconnect24.de\/jahreswagen-gebrauchtwagen-neuwagen-tageszulassungen-leasingruecklaeufer-bamberg\/wp-json\/wp\/v2\/pages\/27"}],"collection":[{"href":"https:\/\/autoconnect24.de\/jahreswagen-gebrauchtwagen-neuwagen-tageszulassungen-leasingruecklaeufer-bamberg\/wp-json\/wp\/v2\/pages"}],"about":[{"href":"https:\/\/autoconnect24.de\/jahreswagen-gebrauchtwagen-neuwagen-tageszulassungen-leasingruecklaeufer-bamberg\/wp-json\/wp\/v2\/types\/page"}],"author":[{"embeddable":true,"href":"https:\/\/autoconnect24.de\/jahreswagen-gebrauchtwagen-neuwagen-tageszulassungen-leasingruecklaeufer-bamberg\/wp-json\/wp\/v2\/users\/1"}],"replies":[{"embeddable":true,"href":"https:\/\/autoconnect24.de\/jahreswagen-gebrauchtwagen-neuwagen-tageszulassungen-leasingruecklaeufer-bamberg\/wp-json\/wp\/v2\/comments?post=27"}],"version-history":[{"count":148,"href":"https:\/\/autoconnect24.de\/jahreswagen-gebrauchtwagen-neuwagen-tageszulassungen-leasingruecklaeufer-bamberg\/wp-json\/wp\/v2\/pages\/27\/revisions"}],"predecessor-version":[{"id":2984,"href":"https:\/\/autoconnect24.de\/jahreswagen-gebrauchtwagen-neuwagen-tageszulassungen-leasingruecklaeufer-bamberg\/wp-json\/wp\/v2\/pages\/27\/revisions\/2984"}],"wp:attachment":[{"href":"https:\/\/autoconnect24.de\/jahreswagen-gebrauchtwagen-neuwagen-tageszulassungen-leasingruecklaeufer-bamberg\/wp-json\/wp\/v2\/media?parent=27"}],"curies":[{"name":"wp","href":"https:\/\/api.w.org\/{rel}","templated":true}]}}